r of 720 and 475078860?
180
What is the greatest common factor of 8776044 and 1689?
1689
Calculate the greatest common divisor of 44066580 and 300.
60
Calculate the highest common factor of 18796 and 3998468.
508
Calculate the greatest common factor of 507306 and 20.
2
What is the greatest common divisor of 356 and 16834172?
356
Calculate the highest common divisor of 2064797565 and 30.
15
Calculate the greatest common divisor of 2704 and 565851.
13
Calculate the highest common factor of 21351 and 36993.
33
Calculate the highest common divisor of 360 and 36162.
18
What is the greatest common factor of 26 and 97651229?
13
Calculate the highest common divisor of 286 and 6395004.
22
What is the highest common factor of 11 and 214454174?
11
What is the highest common factor of 162 and 171537678?
18
Calculate the highest common factor of 308703 and 153.
51
Calculate the highest common factor of 2148 and 33744.
12
Calculate the highest common factor of 118731726 and 438.
438
Calculate the greatest common factor of 2084 and 3337526.
1042
Calculate the greatest common divisor of 8102240 and 88796.
316
Calculate the highest common divisor of 1792 and 87773.
7
Calculate the highest common divisor of 1174 and 49576259.
587
What is the highest common factor of 8148 and 9217716?
1164
What is the highest common factor of 627912 and 3044598?
1938
What is the greatest common factor of 21155805 and 68335?
395
What is the highest common factor of 12698811 and 6?
3
Calculate the highest common factor of 304454 and 2101.
191
What is the highest common divisor of 1012068 and 324?
108
Calculate the highest common factor of 3243 and 55674743.
1081
What is the highest common divisor of 116721 and 11907?
81
Calculate the highest common factor of 26 and 25510498.
26
Calculate the greatest common factor of 402892 and 20342.
14
Calculate the highest common divisor of 1099834 and 6878.
38
Calculate the greatest common factor of 14 and 48348664.
14
Calculate the highest common factor of 26037 and 908139.
789
Calculate the greatest common factor of 228 and 31235658.
114
Calculate the highest common factor of 37333049 and 2782.
1391
Calculate the greatest common factor of 9131 and 4317375.
397
Calculate the greatest common factor of 239969 and 348220.
757
What is the highest common factor of 516673248 and 16?
16
What is the greatest common divisor of 1035 and 21804966?
207
What is the greatest common divisor of 561600 and 18225?
675
Calculate the greatest common factor of 835188 and 1895912.
3524
What is the greatest common factor of 136 and 1529224?
8
Calculate the greatest common factor of 525 and 149583.
21
What is the highest common factor of 9000 and 8608920?
120
What is the highest common factor of 211152180 and 22092?
3156
Calculate the highest common factor of 5880231 and 9513.
63
Calculate the greatest common factor of 62 and 593667732.
62
What is the greatest common divisor of 1813399 and 32277?
203
What is the highest common divisor of 99539205 and 15?
15
What is the greatest common factor of 9705 and 4101333?
1941
What is the greatest common divisor of 84868 and 476?
28
Calculate the greatest common factor of 4173504 and 9.
3
Calculate the greatest common divisor of 108640915 and 5410.
2705
What is the greatest common divisor of 39263356 and 34956?
3884
Calculate the greatest common divisor of 9144520 and 5005.
385
Calculate the highest common factor of 201671554 and 248.
62
What is the highest common factor of 392 and 229264?
56
What is the greatest common divisor of 44944 and 69872?
16
What is the greatest common factor of 3596 and 276524309?
899
Calculate the greatest common divisor of 6463449 and 27.
27
What is the highest common divisor of 32 and 32162608?
16
Calculate the greatest common divisor of 3682 and 2633682.
526
Calculate the highest common divisor of 12183 and 55324182.
393
Calculate the highest common factor of 1295558 and 2.
2
What is the greatest common factor of 5628386 and 8128?
254
Calculate the highest common factor of 189 and 26434443.
21
What is the highest common factor of 42 and 484227402?
6
Calculate the greatest common factor of 3062 and 17653961.
1531
What is the highest common factor of 993352 and 82597?
547
What is the greatest common divisor of 425528 and 5800?
8
Calculate the highest common factor of 24901 and 925.
37
What is the highest common divisor of 52367 and 399?
7
What is the greatest common divisor of 5904 and 637281?
9
What is the highest common divisor of 193334067 and 5752?
719
Calculate the greatest common factor of 205651226 and 43823.
3371
Calculate the greatest common divisor of 35029567 and 20417.
1201
Calculate the greatest common divisor of 418 and 736370.
2
What is the highest common factor of 7644 and 47567?
13
What is the greatest common divisor of 244760 and 8148820?
4220
Calculate the greatest common factor of 51 and 9701033.
17
Calculate the greatest common divisor of 4438 and 179466.
14
Calculate the highest common factor of 74388 and 540.
12
What is the highest common divisor of 105340 and 151598?
458
What is the highest common factor of 22064440 and 40?
40
Calculate the greatest common divisor of 871 and 4915651.
13
What is the greatest common divisor of 23471 and 651919?
479
What is the greatest common divisor of 108 and 15612024?
12
Calculate the highest common factor of 76 and 5308866.
38
Calculate the greatest common factor of 2845 and 3459787430.
2845
What is the highest common factor of 18 and 879135291?
9
Calculate the highest common divisor of 4563 and 4726917.
351
What is the highest common factor of 620616 and 2793?
57
Calculate the greatest common factor of 20 and 1453749530.
10
Calculate the greatest common factor of 2369364 and 162.
6
Calculate the highest common divisor of 437050 and 4990.
10
What is the highest common divisor of 66716 and 17818304?
5132
Calculate the greatest common divisor of 63710 and 49680.
230
Calculate the greatest common factor of 225 and 40955760.
45
Calculate the highest common divisor of 200 and 2700240.
40
Calculate the greatest common factor of 4940567 and 7446.
73
What is the highest common factor of 98634528 and 288?
288
What is the greatest common factor of 5625 and 4220250?
375
Calculate the greatest common divisor of 110870530 and 30.
10
What is the highest common factor of 120 and 1104695325?
15
What is the greatest common factor of 5740 and 466606?
14
What is the greatest common factor of 12 and 306248268?
12
Calculate the highest common factor of 649021 and 114.
19
Calculate the greatest common factor of 16090 and 104845658.
3218
Calculate the highest common divisor of 41769 and 162513.
351
What is the highest common factor of 1135546 and 18407?
79
Calculate the highest common divisor of 15872 and 125610.
2
What is the highest common divisor of 27441128 and 127738?
7514
What is the highest common factor of 1 and 40740281?
1
What is the highest common factor of 672 and 27713784?
168
Calculate the highest common factor of 4782548 and 70609.
131
What is the highest common factor of 65825908 and 644?
92
What is the greatest common factor of 707332 and 6864548?
3116
Calculate the highest common divisor of 369908 and 11512786.
2402
What is the highest common divisor of 71 and 304262051?
71
Calculate the greatest common factor of 351 and 208988.
13
What is the highest common divisor of 13754058 and 17538?
474
What is the highest common divisor of 180 and 3549780?
180
What is the highest common divisor of 9112 and 76104376?
136
Calculate the greatest common divisor of 1448567886 and 3628.
1814
What is the highest common divisor of 9656438 and 110?
22
What is the highest common factor of 3080 and 441661?
11
Calculate the greatest common divisor of 6517 and 93101862.
6517
Calculate the highest common divisor of 129551968 and 544.
544
What is the greatest common factor of 9968840 and 168?
56
Calculate the greatest common factor of 91 and 35040356.
13
What is the highest common factor of 963 and 6156887?
107
Calculate the greatest common factor of 89847212 and 104.
52
What is the highest common factor of 18260634 and 467?
467
Calculate the greatest common factor of 13 and 1336063651.
13
Calculate the greatest common divisor of 2639930 and 87900.
2930
Calculate